te j(10).
-3
Let a(p) = p**2 + 10*p - 29. Calculate a(-12).
-5
Let s(t) = t**3 - 10*t**2 - 3*t + 2. Calculate s(10).
-28
Let p(i) = i**2 - i + 2. Determine p(-2).
8
Let o(k) = -k**2 - 5*k - 8. Determine o(-6).
-14
Let i(z) = -6*z + 2. Determine i(3).
-16
Let m(r) = -9*r + 713. Calculate m(80).
-7
Let a(z) = -z**3 + 5*z**2 - 4*z - 1. Calculate a(3).
5
Let v(q) = q**2 - 5*q - 228. Calculate v(18).
6
Let u(q) = -q**3 + 8*q**2 + 10*q - 12. Determine u(9).
-3
Let f(m) = m. Give f(-6).
-6
Let s(y) = y**3 - 2*y**2 - 2*y + 3. Determine s(2).
-1
Let p(c) = c**2 - 5*c - 11. Determine p(-2).
3
Let c(d) = d**2 - 42*d + 41. Calculate c(1).
0
Let c(b) = -b**2 + 2*b + 24. Determine c(-4).
0
Let z(l) = l**3 + 11*l**2 + 2*l + 19. Determine z(-11).
-3
Let k(l) = -13*l - 6. Determine k(4).
-58
Let z(s) = -7*s - 11. Determine z(-3).
10
Let r(v) = v + 2. Calculate r(-7).
-5
Let n(x) = 18*x - 10. Calculate n(0).
-10
Let c(h) = -16*h + 18. Determine c(4).
-46
Let q(n) = -n**2 + 22*n + 52. Give q(24).
4
Let t(m) = m + 7. Determine t(-8).
-1
Let u(w) = w**3 - 8*w**2 - 2*w - 7. What is u(8)?
-23
Let q(f) = -2*f**3 - 3*f**2 + 11*f + 1. Give q(-3).
-5
Let g(b) = 45*b - 134. Determine g(3).
1
Let d(g) = -4*g - 39. Determine d(-10).
1
Let x(k) = k - 14. Calculate x(10).
-4
Let r(o) = o**3 - 4*o**2 + o + 3. Calculate r(4).
7
Let i(p) = -p**3 + 12*p**2 + 18*p - 4. Determine i(13).
61
Let s(k) = 4*k - 7. Determine s(4).
9
Let j(y) = 30*y + 300. What is j(-10)?
0
Let p(v) = -v**3 - 3*v**2 + 4*v - 13. What is p(-5)?
17
Let p(w) = -w**3 + 2*w**2 + 2*w - 2. What is p(0)?
-2
Let i(r) = 9*r + 6. What is i(-4)?
-30
Let t(y) = -y**2 - y + 2. Calculate t(-3).
-4
Let r(d) = -d**2 - 2*d - 2. Determine r(-5).
-17
Let d(z) = z**3 + 3*z**2 + 3*z + 1. Determine d(-2).
-1
Let j(q) = -q**2 + 17*q - 35. What is j(16)?
-19
Let u(p) = 19*p + 38. Calculate u(-7).
-95
Let n(w) = w**3 + 16*w**2 - w - 23. What is n(-16)?
-7
Let l(d) = -d**2 - 7*d - 9. What is l(-8)?
-17
Let b(u) = -92*u + 440. What is b(5)?
-20
Let y(i) = i**3 + 22*i**2 + 86*i + 11. Calculate y(-5).
6
Let l(s) = 62*s - 803. Calculate l(13).
3
Let y(i) = -i**3 + 6*i**2 - i + 5. Give y(6).
-1
Let b(x) = 11*x - 3. Determine b(0).
-3
Let o(d) = -d**3 + 17*d**2 - 25*d - 64. Determine o(15).
11
Let n(r) = r**2 + 11*r + 10. Give n(-8).
-14
Let g(s) = -s**3 + 6*s**2 + 6*s - 10. What is g(7)?
-17
Let b(k) = 3*k**2 + 31*k - 7. Calculate b(-11).
15
Let i(n) = n**3 + 15*n**2 - 2*n - 35. What is i(-15)?
-5
Let s(a) = -a**3 + 14*a**2 + 14*a + 9. What is s(15)?
-6
Let q(u) = -5*u + 1. What is q(4)?
-19
Let y(q) = -2*q**2 - 102*q + 103. Calculate y(-52).
-1
Let s(g) = 6*g - 1. What is s(-7)?
-43
Let p(t) = 4*t - 1. Determine p(1).
3
Let s(a) = a - 5. Give s(0).
-5
Let y(l) = -2*l**2 - 4*l. Determine y(-2).
0
Let p(k) = -105*k**3 - k**2. Determine p(1).
-106
Let w(a) = a**2 + 22*a + 112. Give w(-9).
-5
Let m(c) = -c**2 - 12*c - 17. Determine m(-6).
19
Let w(v) = 3*v**3 + 53*v**2 - 19*v - 33. Determine w(-18).
-15
Let s(x) = x**3 - 12*x**2 + 22*x - 5. Calculate s(9).
-50
Let v(c) = c**3 - 4*c**2 - 18*c + 57. Determine v(5).
-8
Let p(d) = -7*d**2 - d + 2. Calculate p(1).
-6
Let v(g) = -4*g**2 + g. Give v(-2).
-18
Let z(k) = -47*k - 95. Determine z(-3).
46
Let v(q) = -2*q**2 + 9*q + 11. Give v(5).
6
Let j(v) = -16*v**2 - 23*v + 21. Determine j(1).
-18
Let h(s) = 4*s**2 + s - 1. Calculate h(-2).
13
Let b(a) = -a - 2. Determine b(6).
-8
Let s(r) = -r**3 + 9*r**2 - 16*r + 12. Calculate s(8).
-52
Let w(v) = -v**2 + 9*v + 72. Calculate w(14).
2
Let j(q) = -q**3 - 12*q**2 - 11*q - 13. Determine j(-11).
-13
Let q(p) = -p**3 + 21*p**2 - p - 1. Determine q(21).
-22
Let t(j) = -12*j**2 + 1. Give t(-1).
-11
Let p(w) = 18*w - 23. What is p(8)?
121
Let u(a) = -a**3 - 11*a**2 - 10*a - 7. What is u(-10)?
-7
Let t(r) = r**2 - 10*r - 50. Determine t(13).
-11
Let p(b) = b**3 + 32*b**2 + 55*b - 155. What is p(-30)?
-5
Let n(l) = -l**3 - 5*l**2 + 5*l + 30. What is n(-5)?
5
Let j(i) = -i**3 + 15*i**2 + 7. Determine j(15).
7
Let h(a) = -a**3 - 7*a**2 - 2*a - 4. What is h(-6)?
-28
Let y(t) = t**3 + 6*t**2 - 4*t - 10. Determine y(-7).
-31
Let i(b) = 67*b - 137. What is i(2)?
-3
Let j(a) = -8*a**3 + a**2 + a. Calculate j(1).
-6
Let s(i) = -i**3 + 8*i**2 + 3*i - 34. Give s(8).
-10
Let m(w) = w**2 - 11*w - 18. Calculate m(13).
8
Let a(q) = -18*q - 2. Give a(2).
-38
Let d(y) = -y**2 + 15*y + 31. Calculate d(17).
-3
Let x(l) = l**3 - 8*l**2 + 16*l + 5. Calculate x(5).
10
Let u(t) = t**2 + 15*t + 11. Give u(-14).
-3
Let b(c) = 32*c + 11. Calculate b(3).
107
Let a(g) = g**2 - 4*g + 6. Calculate a(3).
3
Let v(w) = w**2 - 13*w - 25. What is v(15)?
5
Let c(d) = -2*d**3 - d**2 - 2*d. What is c(-1)?
3
Let p(g) = 4*g + 62. What is p(-15)?
2
Let g(z) = -z**2 + 2*z + 10. Determine g(0).
10
Let f(z) = z**2 + 4*z + 2. Determine f(-4).
2
Let h(i) = -i**3 + 8*i**2 + 37*i + 16. Calculate h(11).
60
Let m(g) = -2*g**3 - 5*g**2 - 6*g - 10. Calculate m(-3).
17
Let b(x) = 39*x + 16. Calculate b(1).
55
Let n(m) = m - 12. What is n(8)?
-4
Let n(b) = b**3 + 13*b**2 + 27*b + 52. What is n(-11)?
-3
Let k(z) = z**3 + 34*z**2 - 38*z - 104. Determine k(-35).
1
Let p(l) = -l**3 - 6*l**2 + 4*l + 5. Determine p(-6).
-19
Let t(p) = -20*p**3 + p**2 - 1. Calculate t(-1).
20
Let d(u) = -u**3 - 5*u**2 - 3*u - 5. Give d(-5).
10
Let b(h) = 35*h + 102. What is b(-3)?
-3
Let j(h) = -h**2 - 10*h + 10. Give j(-8).
26
Let d(h) = -3*h**3 + 2*h - 1. Give d(1).
-2
Let y(l) = -l**3 + 11*l**2 + 13*l - 10. Give y(12).
2
Let f(p) = -p**3 + 15*p**2 - 16*p + 13. Give f(14).
-15
Let b(q) = q**2 - 4*q - 6. What is b(5)?
-1
Let v(y) = -y**3 + 15*y**2 - 13*y - 11. Calculate v(14).
3
Let x(a) = a**2 - 7*a - 9. Determine x(7).
-9
Let l(w) = -w**3 + 34*w**2 - 6. Calculate l(34).
-6
Let p(r) = -2*r**2 - 2*r + 8. Determine p(0).
8
Let o(x) = x**3 - 13*x**2 - 12*x - 25. Give o(14).
3
Let g(z) = z**2 - 6*z + 1. Calculate g(5).
-4
Let f(a) = -a - 12. Determine f(12).
-24
Let b(m) = 2*m**3 + m**2 + 2*m + 3. What is b(-2)?
-13
Let f(p) = 5*p**2 - 3*p - 3. Give f(-2).
23
Let s(g) = 9*g + 5. Give s(-6).
-49
Let r(k) = k**2 + 8*k + 9. Calculate r(-11).
42
Let h(n) = -19*n**3 - 2*n**2 + 1. What is h(1)?
-20
Let w(y) = y**3 - 18*y**2 + y - 15. Calculate w(18).
3
Let o(i) = -i**3 - 8*i**2 - 10*i - 3. Determine o(-6).
-15
Let r(n) = -17*n - 63. What is r(-4)?
5
Let b(u) = 76*u**2 - 3*u - 2. Calculate b(-1).
77
Let t(n) = n**2 - 12*n + 39. What is t(6)?
3
Let j(i) = 39*i. Calculate j(1).
39
Let i(w) = -4*w + 5. Calculate i(-1).
9
Let r(b) = 15*b + 296. Determine r(-19).
11
Let u(j) = j**2 - 10*j + 13. Give u(6).
-11
Let d(q) = q - 12. Give d(7).
-5
Let o(c) = -c**2 + 3*c + 246. Calculate o(17).
8
Let c(n) = n**3 - 8*n**2 + 7*n - 9. What is c(7)?
-9
Let f(d) = d**2 + 20*d - 6. Give f(-20).
-6
Let x(l) = l**3 + 6*l**2 - 3*l + 15. Calculate x(-7).
-13
Let q(r) = -r**3 + 4*r**2 + 3*r + 7. Determine q(5).
-3
Let m(k) = -k. Calculate m(-3).
3
Let k(q) = 13*q + 1. Determine k(2).
27
Let v(l) = 12*l**3 - 2*l**2 - 2*l - 1. Calculate v(-1).
-13
Let h(v) = -v**3 - 2*v**2 - v - 2. What is h(-2)?
0
Let u(t) = -4*t + 35. Give u(8).
3
Let m(d) = 5*d - 10. What is m(6)?
20
Let v(x) = -16*x - 5. Determine v(-3).
43
Let t(w) = w**3 + 2*w**2 - 2*w + 5. Determine t(-3).
2
Let d(m) = 4*m + 16. Calculate d(-4).
0
Let r(t) = 4*t - 4. Give r(-2).
-12
Let x(m) = m**3 + 6*m**2 + 2*m - 5. What is x(-4)?
19
Let w(o) = -o**2 + 18*o - 36. What is w(17)?
-19
Let l(a) = -a**2 + 14*a + 79. What is l(-4)?
7
Let n(b) = 3*b + 23. Calculate n(-6).
5
Let k(t) = 135*t - 1. Give k(1).
134
Let i(s) = 3*s**2 + 3*s - 6. What is i(4)?
54
Let t(q) = q - 63. Determine t(-20).
-83
Let l(r) = -r**2 + 10*r - 38. Give l(13).
-77
Let a(w) = w**2 + 4*w + 9. Calculate a(-7).
30
Let t(l) = -2*l**2 - 5*l + 2. Calculate t(-7).
-61
Let h(p) = p**2 + 14*p - 4. Calculate h(-15).
11
Let w(d) = 3*d + 88. Calculate w(-25).
13
Let t(x) = -x**3 + 45*x**2 - 2. What is t(45)?
-2
Let o(t) = t + 3. Determine o(16).
19
Let l(t) = -t**3 + 8*t**2 + 18*t + 13. Give l(10).
-7
Let o(q) = -q**3 + q - 7. Give o(0).
-7
Let r(d) = -4*d - 84. Calculate r(-19).
-8
Let g(y) = y**3 + 5*y**2 - 8*y - 5. Calculate g(-6).
7
Let c(i) = i**3 - 12*i**2 + 4*i + 33. Give c(11).
-44
Let g(k) = k**2 + 8*k + 12. Calculate g(-9).
21
Let u(i)